14. Calculate f(j).
11
Suppose 0 = t - 4*s + 5, -3*t + 5 - 20 = -5*s. Let q(j) be the first derivative of j**3/3 + 3*j**2 - 5*j - 67. Calculate q(t).
-10
Let x(i) = 2*i + 7. Let h(k) = 5*k + 12. Let j be ((-1)/2 - 2)*(-352)/80. Suppose 0*u + z + j = -2*u, -5*u + 5 = -4*z. Let w(a) = u*h(a) + 5*x(a). Give w(-1).
4
Let x(z) be the first derivative of z**4/24 + 4*z**3/3 - 14*z**2 - z - 3. Let n(b) be the second derivative of x(b). Give n(6).
14
Let z(c) = 3*c**2 + 40*c + 23. Let w be ((9*(-30)/(-108))/(-5))/(2/48). What is z(w)?
-25
Let c = -22 - -21. Let m(u) = -13 - 3 - 4*u**2 + 3 + 14. Calculate m(c).
-3
Let k(u) = 9*u + 13. Let b(g) = -11*g - 13. Let r(w) = 3*b(w) + 4*k(w). Let s = -11 + 5. Determine r(s).
-5
Suppose 14 - 12 = 2*b. Let s(t) = -t**3 + t**2 - t. Let z(c) = -8*c**3 - 2*c**2 + c + 1. Let j be (27/7)/(-3) - (-2)/7. Let u(q) = j*z(q) - s(q). What is u(b)?
9
Let t(d) be the first derivative of -d**4/2 - 5*d**3/3 + 3*d**2/2 + 16*d - 795. Calculate t(-2).
6
Let v(d) = -19*d - 1. Let b(n) = -17*n - 1. Suppose -19*z = 26 + 107. Let a(f) = z*b(f) + 6*v(f). Let m be (-8)/(-6)*(-6)/4. Give a(m).
-9
Let w(q) = -3*q + 3*q**2 + 3 + 12*q - 6*q - 5*q. Let z be w(2). Let k(o) = -2*o**2 + 6*o + 5*o - z*o + o. Calculate k(-1).
-3
Suppose p = 2*i - 4*i + 7, 5*i - 19 = -4*p. Let r(g) = -3*g - 5*g - 2*g**2 + i*g. Let n be 68/(-18) + (-4 - 136/(-36)). Calculate r(n).
-12
Let k(y) = 5*y**3 - 4*y**2 - 2*y - 34. Let p(t) = -16*t**3 + 13*t**2 + 7*t + 106. Let g(a) = 19*k(a) + 6*p(a). Give g(-2).
-2
Let g(d) be the third derivative of d**9/60480 - d**8/5040 + d**6/180 - 4*d**5/5 + 38*d**2. Let w(m) be the third derivative of g(m). What is w(3)?
-5
Let k(l) be the second derivative of -3*l - 21/2*l**2 + 1/60*l**5 - 1/2*l**4 + 0 + 5/3*l**3. Let d(c) be the first derivative of k(c). What is d(8)?
-22
Suppose 2*m = 3*h + 46, -121*h - 4*m + 44 = -123*h. Let u(w) be the second derivative of 7*w + 1/6*w**3 + 0 + 17/2*w**2. Calculate u(h).
5
Let v be -1 + 2*(-6)/4. Let x be (-22)/v - 2/(-4). Let r(y) be the first derivative of -y**2 + y - 95381. Give r(x).
-11
Suppose 61*q - 415 - 12 = 0. Let s(p) = p**2 - 3*p. Give s(q).
28
Suppose -c = 4*n - 488, -n + 34 = -5*c - 88. Let z(i) = -236*i + 19 + n*i + 112*i. Give z(7).
5
Let g(k) = 23*k + 46. Let p = 3408 + -3410. What is g(p)?
0
Let j(w) be the third derivative of w**6/15 + w**5/60 - w**4/24 - w**3/2 + 677*w**2. Determine j(-2).
-61
Let w(z) be the first derivative of -11*z**2/2 + 73*z + 3349. Determine w(6).
7
Let h(a) be the first derivative of a**4/4 + 2*a**3 - 5*a**2 - 7*a + 7. Let o = -87 - -174. Suppose -13*g - 4 = o. Calculate h(g).
14
Let m = -76 - -81. Suppose 0 = -m*n - 7*j + 4*j + 47, 34 = 3*n - 4*j. Let g(l) = 7*l - 13*l + 4*l**2 - 9*l**3 + n*l**3 + 6. Determine g(-5).
11
Let h(t) = -t**2 - 10*t - 3. Let d(c) be the third derivative of c**6/120 + c**5/10 + 7*c**4/12 + 6*c**3 - c**2 - 47*c. Let v be d(-5). What is h(v)?
6
Suppose -10 = -5*t, -324 = -2*s - t - 4*t. Let n = s - 152. Let j(o) = o**3 - 5*o**2 - o - 3. Give j(n).
-8
Let s(h) = 2*h + 2. Let r be s(-2). Let f = 58 - 57. Let c(u) = -f + 19 - 8 - 9 + 3*u. Give c(r).
-5
Suppose 3*u - 16 = g, 17 = -2*g - u + 4*u. Let k be g*(-7 + (4 - 3)). Let t(b) = 275*b - 8. Let y(o) = 118*o - 4. Let p(m) = -3*t(m) + 7*y(m). Calculate p(k).
2
Let w(z) be the second derivative of -11*z**3/6 - 5*z**2 + 21*z. Let i(h) = h + 3. Let u(a) = 4*i(a) + w(a). What is u(-5)?
37
Let x(m) = -8*m**2 - 29*m + 8. Let l(r) = -22*r**2 - 84*r + 24. Let a = -503 - -511. Let g(n) = a*x(n) - 3*l(n). Calculate g(-10).
-8
Let v be (-75)/(-110) + ((-140)/(-77) + -8 - -6). Let n(t) be the first derivative of 2*t - 26 + v*t**2 - 4/3*t**3 + 1/2*t**4. Give n(2).
4
Let x(i) = -i**3 + 4*i**2 + 19*i - 26. Let j be x(6). Let o(w) = -3*w - 34. Give o(j).
-82
Let q(t) = -6*t**2 - t + 1. Let w(j) = j**3 + 19*j**2 + 13*j - 18. Let p(c) = -5*q(c) - w(c). Suppose 0*h + 4*f + 58 = 5*h, -4*h - 4*f + 32 = 0. What is p(h)?
33
Let g(v) = -18*v - 32. Let l(o) = 80*o + 159. Let r(p) = -14*g(p) - 3*l(p). Give r(0).
-29
Let z be 1 + (11/11)/((-1)/103). Let y be (-2)/(-17) + (-192)/z. Let g(d) = 4*d + 1. Determine g(y).
9
Let m(j) = 3*j**2 + 33*j + 5. Let u be m(-11). Let a(l) = -u*l - l**2 + 4*l - 9 + 4*l. Determine a(6).
-27
Let a(h) = h**3 - 6*h**2 + 2*h + 4. Let l(d) = d**2 - 5*d + 2. Let n be l(3). Let m be ((-5)/n)/((55/280)/11). Let y = 75 - m. What is a(y)?
-11
Let q(j) = 25 - 44*j - 12 - 15 - 15 + 22. What is q(-1)?
49
Let g(a) = 2*a**2 - 19*a - 13. Let k(j) = 1 - 239*j**2 - 2 + 79*j**2 + 82*j**2 + 79*j**2 - 2*j. Let d(s) = g(s) - 3*k(s). Calculate d(-8).
30
Let v(h) be the first derivative of -3/2*h**2 + 12 + 1/2*h**3 + 10*h. Let r(g) be the first derivative of v(g). What is r(-4)?
-15
Let h(r) be the second derivative of -7*r**4/12 + 13*r**3/6 + 7*r**2 - 1942*r. Determine h(3).
-10
Let n be ((-1)/(-3))/(5/15) + 5. Let w be (64 + -50)*n/7. Let d(z) = z - 19. Calculate d(w).
-7
Suppose -50*d = -12*d - 190. Let n(j) = 3*j + j**2 - 5*j + 6 + 0*j**2. Calculate n(d).
21
Let j be -2*3/18 + (-21)/(-9). Let v(n) = n + 1. Let g(c) = c + 2. Let z(f) = 2*g(f) - 5*v(f). What is z(j)?
-7
Suppose i + k = 0, -4*i - 60 = -5*k - 24. Let x(l) = -l**3 - 2*l. Let r(v) = 5*v**3 + 10*v**2 + 11*v + 24. Let g(w) = i*x(w) - r(w). Determine g(-10).
6
Let z(u) = u**3 - 5*u**2 + 2*u - 2. Let d = -175 + 123. Let v = -47 - d. Calculate z(v).
8
Let d(x) = -x**3 - 16*x**2 - 59*x + 5. Suppose 128 = -32*r - 12 - 52. Give d(r).
-1
Suppose 4*n + k = -2*k - 25, 5*n - 30 = 5*k. Let p(m) = -28*m - 8. Determine p(n).
20
Let b(v) be the first derivative of v**4/12 + v**3 - v**2 - 4. Let o(z) be the second derivative of b(z). Let t = 1911 + -1916. Determine o(t).
-4
Let l(p) = -5*p**2 - 20*p + 3. Let w be l(-4). Let b be (1/w)/(-7*11/231). Let n(v) = -14*v**3 + v**2. Calculate n(b).
15
Let t = -6560 + 6560. Let y(f) = -f**2 - 7*f - 4. Let x be y(-6). Let d(p) = -3*p + 4*p + 3*p**3 + p**2 - 4*p**3 + x. Calculate d(t).
2
Let j(a) be the first derivative of 282 + 1/4*a**4 - 2*a**2 + a**3 - 6*a. Determine j(-4).
-6
Let g(w) be the first derivative of -11/3*w**3 + 11/2*w**2 - 10*w + 1/4*w**4 + 185. Calculate g(10).
0
Let f(q) = 8*q**2 + 1 - 3 + 3 - q**3 + 6 - 10*q. Let o = 3 + -43. Let k be 45/(-6)*32/o. Calculate f(k).
19
Let b(c) = 2*c + 9. Let u be (-2)/4*-10 - (10 - 1). Calculate b(u).
1
Let j be 0 - (4/1 + -7). Let x(c) = 7*c**3 + 3*c**2 + c - 6. Suppose 1 = -i - 6. Let u(h) = 8*h**3 + 4*h**2 + h - 7. Let o(a) = i*x(a) + 6*u(a). Determine o(j).
-3
Let z(y) = 22*y - 37. Let u(o) = -16*o + 36. Let x(q) = -4*u(q) - 3*z(q). Give x(-27).
21
Let z be 31/1 - 8/(-16)*-8. Suppose z*w - 2*w = 0. Let i(m) = m**3 + 2*m - 1. Give i(w).
-1
Let s(c) = 13*c**2 + c + 3. Suppose -261*m = -45*m - 432. What is s(m)?
57
Suppose 2*q = 2 + 2. Let s(p) = -p**q - 3*p - 6*p + 4 - 6*p + 18*p. Determine s(4).
0
Let k = 59 + -91. Suppose -156 = -4*b + 5*i, -3*b + 156 = 5*i + 39. Let w = b + k. Let t(a) = -a + 1. Determine t(w).
-6
Let f(s) = -2 + 37*s - 4 - 9*s - 13*s + s**2. What is f(-15)?
-6
Let y be 1 + 1 + -21 + (-1)/(-1). Let z = y + 15. Let c(q) = -3949 + 4*q + 3949. What is c(z)?
-12
Let g(y) = -y**3 - 72*y**2 - 1174*y + 41. Let w be g(-47). Let r(s) = 2*s**3 + 14*s**2 + 9*s - 1. What is r(w)?
17
Let z(v) be the second derivative of 1/60*v**5 + 0 + 7/2*v**2 + 5/24*v**4 - 16*v - 1/3*v**3. Let u(j) be the first derivative of z(j). What is u(-4)?
-6
Let q(k) be the first derivative of 1/2*k**2 + 1 - 1/4*k**4 + k + 0*k**3. Let d = 1481666 + -1481664. Calculate q(d).
-5
Let x(o) = -52*o - 54*o - 58*o - 1 + 3 + 166*o. Give x(-3).
-4
Let f(g) = -4*g + 5. Suppose 122 = 13*c + 18. Suppose 0 = 5*t - i - 9, -6*i + c*i = 2. Give f(t).
-3
Let u(h) = -h**2 - 8*h + 9. Suppose k + 72 = 7*k. Let w be 4*((-27)/k - 0) - -2. Calculate u(w).
16
Let n(p) = -24*p. Let l(t) = -t. Let i(f) = -33*f. Let u(d) = -i(d) - 3*l(d). Let j(r) = 8*n(r) + 5*u(r). Determine j(-2).
24
Let o(h) = -h**3 + 16*h**2 - 15*h + 1. Suppose -5*y - 3*w = 5, -y + 0*w - 29 = -5*w. Let f(q) = -q**3 - q**2 + 7*q - 5. Let v be f(y). Calculate o(v).
1
Let o(f) = 2*f**2 - 25*f - 81. Let p be o(15). Let s(z) = -z**3 - 4*z**2 + 12*z + 6. Give s(p).
6
Suppose 669 - 655 = 7*l. Let c(p) = -362*p**2 + 94*p**l + 88*p**